) = t**3 - 3*t**2 + 3*t - 2. Calculate l(a).
7
Let i(x) = -3*x + 1. Let t(l) = 9*l - 3. Let z(f) = -8*i(f) - 3*t(f). Calculate z(1).
-2
Let b(q) = q**3 + 6*q**2 + 4*q. Suppose 4*j = 3*a - 13, 0 = 4*a - 4*j - 5 - 11. Suppose -n = a*s - 3, n = -2 - 1. Let c be s - 1*(-1 - -8). Calculate b(c).
5
Let b(w) = w + 1. Suppose 5*x - 15 = 5*y, 2*x = -0*x - y. Let i be 2 + x + -4 + 1. What is b(i)?
1
Let n be (-2)/(-9) - 156/(-27). Let w be 19/n + 2/(-12). Let a be (2/w)/((-3)/9). Let g(s) = -2*s + 1. Calculate g(a).
5
Let c be 88/40 + (-1)/5. Let d(j) = -1 - 5 - 4*j + c*j. What is d(-5)?
4
Let w be 8/(-48) + (-10)/12. Let u(a) = -12*a**2 + a - 1. Let q(s) = -12*s**2 + s - 2. Let n(p) = 2*q(p) - 3*u(p). Give n(w).
12
Suppose 3*f - 10 = -2*f. Suppose -f*d - 16 = -2*b, 12 = 2*b - 0*d - d. Let w(g) = g**3 - 4*g**2 + g + 1. Give w(b).
5
Let x(d) be the first derivative of -7/2*d**2 + 3 + 1/3*d**3 - d. Determine x(6).
-7
Let o(g) = -g**3 + g - 3. Suppose 3*h = 10*h. Calculate o(h).
-3
Let s(v) = -3 - 1 + 5*v - 5. What is s(6)?
21
Suppose s + 3*y = 2*y + 3, -11 = -2*s + 3*y. Let f(m) = -2*m - 1. Determine f(s).
-9
Suppose -5*k + 7 = 2. Let f be (-1 - 0)*(-2 + k). Let r(c) = -7*c**2 + 2. Let o(g) = -g**2 - 1. Let a(y) = 3*o(y) + r(y). What is a(f)?
-11
Let l(u) = u**3 - 4*u**2 - 2*u - 4. Let i(q) = q**2 - 11*q - 8. Let w be i(12). Determine l(w).
-12
Let j(k) = 3*k**2 - 2*k - 1. Let x = 1 + 1. Let c(t) = t. Let f be c(0). Suppose -x*n + h = 3*n + 3, f = -3*n - 4*h - 11. Calculate j(n).
4
Let r(l) = -l**3 - 10*l**2 + l - 2. Let c(o) = -o**2 - 1. Let s(t) = 6*c(t) - r(t). What is s(-4)?
0
Let s = -12 - -9. Let x be (s/(-3) - -1) + -3. Let o(f) = 8*f + 1. Calculate o(x).
-7
Let v be 2/(-4)*2 + -6. Let b be (2 + v)*(-2)/5. Let x(u) = 2*u**2 - 4*u + 3. What is x(b)?
3
Let z(f) = 4 - f**2 + 0 + 5*f - 1. Suppose -4*d + 7 = j, 3*d = -2*j + 1 + 3. Suppose -3*h = d*s - 5, 6*h = h - 5*s. Calculate z(h).
3
Suppose 4*r = -4*t + 44, t + 2*r - 46 = -4*t. Let c = t + -8. Let g(k) be the first derivative of k**3/3 - k**2/2 + 7*k + 1. What is g(c)?
7
Let q(p) = 19*p**2 - 3. Let l(b) = 10*b**2 - 2. Let j(a) = 5*l(a) - 3*q(a). Suppose 15 = 4*n + 7. Suppose n*d + 2*d = 4. Give j(d).
-8
Let j(p) be the second derivative of -p**5/20 + 5*p**4/12 + p**3/6 - p. Suppose 4*d - 2*a - 8 = -42, 3*a - 2 = -d. Let n = -2 - d. What is j(n)?
5
Let r(t) = -t - 7. Let n be r(-9). Let w(x) = 8*x**2 - 8*x. Let y(d) = 23*d**2 - 23*d. Let h(m) = -17*w(m) + 6*y(m). Determine h(n).
4
Let j = 1 + 2. Let c be 1/((-7)/j + 2). Let t(m) = m**3 + 4*m**2 + 3*m + 1. What is t(c)?
1
Let k(o) = -o**2 + 5*o + 1. Let q be k(5). Let w be q*-5*1 - -1. Let p(h) = 3*h**2 + 1 - 4*h**2 - h - 3*h. Calculate p(w).
1
Let c be 253/55 + (-6)/10. Let m(d) be the first derivative of d**2 - d + 2. What is m(c)?
7
Suppose -5*u + 17 + 8 = 0. Let o(v) = v**3 - 6*v**2 + 6*v - 4. What is o(u)?
1
Let h(j) = j**3 - 2*j**2 - 2*j. Let y be h(3). Let m(s) = 2*s - y + 2*s - s. Determine m(2).
3
Suppose -13*z + 8*z - 5 = 0. Let q(b) = -5*b + 1. Calculate q(z).
6
Let b = -2 + 4. Let k(m) = -m**b + 4 + 2*m - 1 + 2*m. Let s(n) = 4*n**3 + n**2 - 2*n + 1. Let d be s(1). What is k(d)?
3
Suppose i = -4*b + 11, -7*i = 3*b - 3*i - 5. Let l(z) = b*z**2 - 1 + 8*z**3 + z + 0*z**3 - 2*z**2 - 2*z**2. Give l(1).
7
Let i(h) = -h**3 + 6*h**2 - 4*h + 3. Suppose 4*m - m = 0. Suppose 3 = 3*u - m. Let s(j) = 4*j + 1. Let g be s(u). What is i(g)?
8
Let w be 3*1*(-17)/(-306). Let l(k) be the second derivative of 0 + w*k**3 - k**2 - 4*k. What is l(5)?
3
Let k(p) = p**2 + 6*p - 2. Let o be k(-8). Let d = o + -8. Let v(n) = -n**3 + 5*n**2 + 6*n - 5. Calculate v(d).
-5
Let p(l) = -l**2 + 3*l. Let x(o) = -o**2 - 5*o - 1. Let g = -13 + 9. Let z be x(g). What is p(z)?
0
Let h(f) = f**2 - 2*f - 5. Let d be 2 - (0/4 + -2). Determine h(d).
3
Let n(h) = h - 4. Let g = -4 + -13. Let o(c) = -3*c + 11. Let u(a) = g*n(a) - 6*o(a). Give u(-3).
-1
Let k = 0 + 4. Let q(h) = k*h + 2*h - 5*h + 0*h. Suppose -5*o - 5*i + 10 = 0, 5*i - 1 - 7 = -3*o. Give q(o).
1
Let b(u) be the second derivative of -3/2*u**2 + 0*u**3 + 0 + 1/20*u**5 - 7/12*u**4 - 5*u. Determine b(7).
-3
Let r(t) = t**3 - 9*t**2 + 6*t + 9. Let j be (-1 + -7)*(-3)/3. Calculate r(j).
-7
Let r(l) = l - 7. Let w(o) = -6. Let j(b) = 2*r(b) - 3*w(b). Calculate j(-7).
-10
Let c = -1 + 9. Let a(y) = -y**2 + 8*y - 5. Let z be a(c). Let t(v) = v - 1. Let u(i) = -5*i. Let k(f) = 3*t(f) + u(f). Determine k(z).
7
Let j(t) = t - 2. Suppose -2*p + p = -2. Suppose -p*s = 5*o + 15, 4*o + 5 - 21 = 4*s. Calculate j(s).
-7
Let n be (7 + -4)*1/3. Let q(k) be the first derivative of 7*k**3/6 + 5*k - 1. Let o(x) be the first derivative of q(x). Calculate o(n).
7
Suppose -2*o - 16 = -30. Let v(h) = -h**2 + 4*h + 9. Determine v(o).
-12
Let n(w) = 0*w - w - w**3 + 10 - 15 - 2*w**2 + 4. Calculate n(-3).
11
Let u(h) = h**3 - 5*h**2 + 3*h + 4. Let b be u(3). Let f(n) = -n**2 - 1. Let r(p) = 6*p**2 + 5*p - 2. Let o(t) = 5*f(t) + r(t). What is o(b)?
-7
Let b(q) be the first derivative of -q**3/3 + 3*q**2 + 8*q + 32. Determine b(8).
-8
Let h be (-6)/(-4)*(-4)/3. Let q(d) = -6*d + 3. Let w(m) = 3*m - 1. Let l(a) = h*q(a) - 5*w(a). Let r be (-2)/(-6) - 4/(-6). Determine l(r).
-4
Let r(h) = 10*h**2 - 18*h - 5. Let l(v) = -7*v**2 + 12*v + 3. Let d(b) = -7*l(b) - 5*r(b). Calculate d(8).
-12
Let f(p) = -p**2 - 3*p + 4. Let h = 9 - 15. Let t be ((-3)/(-6))/((-1)/h). Suppose -5 - t = 2*r. Determine f(r).
0
Let p(v) = 17*v + 2 - 18*v - 4 - 5*v**2 + 4. Determine p(2).
-20
Let k be (24 - 0)/4 - 3. Let u(c) = -2*c + 1. What is u(k)?
-5
Let g(r) = r + 7*r - r**2 - 20 + 11. Determine g(7).
-2
Let y(x) = x**2 - 6*x - 3. Let b(g) = -g**2 + 5*g + 2. Let t(s) = -3*b(s) - 2*y(s). Determine t(3).
0
Let r(s) be the third derivative of 1/2*s**3 + 0*s - 4*s**2 - 1/24*s**4 + 0. Determine r(5).
-2
Let v = -8 + 5. Let g(a) be the third derivative of -a**2 + 1/60*a**5 + 1/8*a**4 + 0*a + 0 + 2/3*a**3. Determine g(v).
4
Let m(c) be the first derivative of -3*c**2 + 7*c - 1/4*c**4 + 5 + 7/3*c**3. Determine m(6).
7
Suppose 12 - 2 = 5*u. Let n(r) = -r**3 + 1 - r + u*r + r**2 - 3. Give n(-2).
8
Let t(c) = -c**3 - 4*c**2 + 4*c + 3. Let u = 13 - 8. Suppose u*o - o = -20. Determine t(o).
8
Suppose 4*k - 5*u = 13, 3*k - 2 = 2*u + 6. Let j(a) = -a**2 + 6 - 11 + 4 - k*a - 7*a**3 - a**3. Give j(-1).
8
Suppose 5*w - 4*v = -0*w + 19, -13 = -4*w + v. Let r(d) be the first derivative of 1/2*d**2 + w + d. Give r(4).
5
Let n(g) = 11*g - 5. Let b(y) = -21*y + 9. Let c(d) = 4*b(d) + 7*n(d). Determine c(-1).
8
Let u(k) = 4*k + 26. Let j be u(-5). Let c(v) = -2*v. Determine c(j).
-12
Suppose n = -2*p + 3*n + 8, -3*p + 4 = n. Let q(k) = 2*k + 0*k + 0 + 3*k**p + 0. Calculate q(-2).
8
Let i(d) be the second derivative of 0*d**3 + 1/720*d**6 + 1/20*d**5 - 1/6*d**4 - 4*d + 0*d**2 + 0. Let p(f) be the third derivative of i(f). Calculate p(-5).
1
Let k(v) = 2*v**2 + 1. Let c(t) = t**2 + 1. Let u(g) = 3*c(g) - 2*k(g). Let s(l) = l**3 + 4*l**2 + l - 4. Let i be s(-4). Let b = -10 - i. Give u(b).
-3
Let v(t) = -t**3 - 5*t**2 + 2*t + 6. Let c be 1*4*2/(-4). Let n = -6 - c. Let o be ((-4)/n)/(2/(-10)). Calculate v(o).
-4
Let g = -11 - -18. Suppose 4*x - 9 = x. Let i(n) = 3*n + n - x*n + n - g. Give i(6).
5
Let q(o) be the second derivative of 0*o**4 + 1/2*o**2 + 1/20*o**5 + o + 0 - 1/6*o**3. What is q(0)?
1
Let b(d) = d**3 - 7*d**2 + 6*d + 5. Let z(x) = 0*x - 8 + 0*x - 2*x + 0*x. Let g be z(-7). What is b(g)?
5
Let j(c) = 4*c**3 + 9*c**2 + 5*c. Let p(m) = 5*m**3 + 10*m**2 + 5*m - 1. Let s(l) = 6*j(l) - 5*p(l). Suppose -29 = -5*f - 0*h + h, 0 = h + 4. Give s(f).
5
Let l(w) = w + 3 - 121*w**3 + 122*w**3 - 7 + 2*w**2. Calculate l(-3).
-16
Let i(b) be the third derivative of -b**5/60 - b**4/24 + b**3/6 + b**2. Let p = 58 - 57. Calculate i(p).
-1
Suppose -6 = 3*q - q - 3*r, -3*r + 6 = 4*q. Suppose q*z - z + 5 = 0. Let t(x) = -x**2 + 3*x + 3. What is t(z)?
-7
Let h(v) = v + 7. Let s(k) = k**3 + 3*k**2 - 4*k + 3. Let q be s(-4). Let i = q - 8. What is h(i)?
2
Let l(i) = -2*i. Let u(b) = -11*b - 11. Let y(c) = -5*l(c) + u(c). Determine y(-6).
-5
Let r(u) be the second derivative of u**6/360 - u**5/60 - u**4/6 + u**3/3 + 2*u. Let g(j) be the second derivative of r(j). Let t = 1 - -2. Determine g(t).
-1
Let a(r) = 0*